7, 137
List the prime factors of 761584.
2, 47599
List the prime factors of 4867200.
2, 3, 5, 13
List the prime factors of 2271518.
2, 43, 61, 433
List the prime factors of 1585028.
2, 47, 8431
What are the prime factors of 1974935?
5, 394987
What are the prime factors of 633931?
633931
List the prime factors of 506777.
229, 2213
List the prime factors of 2766326.
2, 47, 29429
List the prime factors of 44663.
59, 757
What are the prime factors of 262200?
2, 3, 5, 19, 23
List the prime factors of 5988489.
3, 13, 97, 1583
List the prime factors of 8582510.
2, 5, 858251
What are the prime factors of 5444521?
857, 6353
List the prime factors of 461304.
2, 3, 43, 149
List the prime factors of 454679.
454679
What are the prime factors of 19056695?
5, 7, 544477
What are the prime factors of 71418?
2, 3, 11903
List the prime factors of 5467986.
2, 3, 11251
List the prime factors of 7093563.
3, 2364521
What are the prime factors of 48194?
2, 24097
What are the prime factors of 3339773?
47, 71059
What are the prime factors of 149507?
47, 3181
What are the prime factors of 4352518?
2, 197, 11047
What are the prime factors of 54515?
5, 10903
What are the prime factors of 334?
2, 167
List the prime factors of 578654.
2, 53, 103
What are the prime factors of 152188?
2, 38047
List the prime factors of 87658.
2, 41, 1069
List the prime factors of 444764.
2, 111191
List the prime factors of 63614.
2, 17, 1871
List the prime factors of 5814.
2, 3, 17, 19
List the prime factors of 2138604.
2, 3, 13, 13709
What are the prime factors of 881789?
839, 1051
What are the prime factors of 7575280?
2, 5, 23, 179
List the prime factors of 194474.
2, 7, 29, 479
List the prime factors of 16551022.
2, 8275511
What are the prime factors of 99202?
2, 193, 257
List the prime factors of 11581267.
17, 681251
List the prime factors of 325629.
3, 97, 373
What are the prime factors of 1188049?
1188049
What are the prime factors of 77601?
3, 25867
List the prime factors of 1275126.
2, 3, 461
List the prime factors of 11340041.
83, 317, 431
What are the prime factors of 1095961?
1095961
What are the prime factors of 446107?
29, 15383
List the prime factors of 49074.
2, 3, 8179
What are the prime factors of 2431091?
13, 43, 4349
List the prime factors of 18895902.
2, 3, 431, 7307
List the prime factors of 26115576.
2, 3, 19, 57271
List the prime factors of 1010468.
2, 252617
List the prime factors of 457652.
2, 13, 677
What are the prime factors of 1593480?
2, 3, 5, 7, 271
What are the prime factors of 10264606?
2, 11, 466573
What are the prime factors of 1077960?
2, 3, 5, 13, 691
List the prime factors of 293319.
3, 13, 23, 109
What are the prime factors of 100676?
2, 25169
List the prime factors of 251360.
2, 5, 1571
List the prime factors of 253987.
253987
What are the prime factors of 212898?
2, 3, 7, 37, 137
List the prime factors of 1904151.
3, 634717
What are the prime factors of 873191?
11, 163, 487
What are the prime factors of 5297110?
2, 5, 7, 13, 5821
What are the prime factors of 443671?
29, 15299
What are the prime factors of 1455751?
11, 53, 227
What are the prime factors of 5681007?
3, 631223
List the prime factors of 3388109.
3388109
List the prime factors of 2569429.
29, 41, 2161
List the prime factors of 117001.
23, 5087
What are the prime factors of 694986?
2, 3, 115831
What are the prime factors of 161355?
3, 5, 31, 347
What are the prime factors of 2484878?
2, 11, 179, 631
List the prime factors of 245079.
3, 29, 313
What are the prime factors of 17220856?
2, 2152607
What are the prime factors of 448046?
2, 59, 3797
What are the prime factors of 5345902?
2, 643, 4157
List the prime factors of 9708848.
2, 19, 109, 293
List the prime factors of 11335224.
2, 3, 472301
List the prime factors of 999.
3, 37
List the prime factors of 6700422.
2, 3, 751, 1487
List the prime factors of 932484.
2, 3, 7, 17, 653
What are the prime factors of 7568050?
2, 5, 7, 3089
What are the prime factors of 12053?
17, 709
What are the prime factors of 5224376?
2, 509, 1283
What are the prime factors of 55426?
2, 7, 37, 107
What are the prime factors of 136718?
2, 197, 347
List the prime factors of 953078.
2, 7, 19, 3583
What are the prime factors of 418981?
418981
List the prime factors of 618215.
5, 13, 9511
What are the prime factors of 39160?
2, 5, 11, 89
List the prime factors of 480136.
2, 60017
What are the prime factors of 580491?
3, 64499
List the prime factors of 18994769.
1447, 13127
List the prime factors of 5384253.
3, 7, 256393
What are the prime factors of 40678934?
2, 20339467
What are the prime factors of 1530722?
2, 167, 4583
What are the prime factors of 2063010?
2, 3, 5, 68767
What are the prime factors of 372793?
17, 21929
List the prime factors of 78268.
2, 17, 1151
List the prime factors of 1029428.
2, 41, 6277
What are the prime factors of 132381?
3, 4903
List the prime factors of 108965.
5, 19, 31, 37
List the prime factors of 2025619.
1049, 1931
List the prime factors of 35588117.
37, 961841
What are the prime factors of 11078222?
2, 31, 178681
What are the prime factors of 10777009?
19, 29, 19559
What are the prime factors of 216369?
3, 29, 829
What are the prime factors of 134445?
3, 5, 8963
What are the prime factors of 16924?
2, 4231
What are the prime factors of 445932?
2, 3, 4129
What are the prime factors of 1546452?
2, 3, 37, 43
List the prime factors of 1291830.
2, 3, 5, 17, 149
List the prime factors of 1019421.
3, 13, 8713
What are the prime factors of 13197156?
2, 3, 7, 157109
List the prime factors of 4713356.
2, 37, 31847
List the prime factors of 24398344.
2, 479, 6367
List the prime factors of 699823.
699823
What are the prime factors of 439210?
2, 5, 167, 263
List the prime factors of 975888.
2, 3, 251
List the prime factors of 243627.
3, 17, 281
What are the prime factors of 60813?
3, 29, 233
List the prime factors of 2966020.
2, 5, 148301
What are the prime factors of 1116158?
2, 313, 1783
List the prime factors of 9767425.
5, 19, 20563
List the prime factors of 201073.
201073
What are the prime factors of 53008?
2, 3313
What are the prime factors of 8397448?
2, 1049681
What are the prime factors of 1670885?
5, 334177
List the prime factors of 24452179.
24452179
What are the prime factors of 2816598?
2, 3, 19, 31, 797
List the prime factors of 849395.
5, 19, 8941
List the prime factors of 1902406.
2, 11, 43, 2011
List the prime factors of 500445.
3, 5, 11, 337
What are the prime factors of 17332626?
2, 3, 937, 3083
List the prime factors of 6400152.
2, 3, 11, 8081
What are the prime factors of 13343105?
5, 23, 116027
What are the prime factors of 125471?
125471
List the prime factors of 5937986.
2, 83, 35771
What are the prime factors of 13324947?
3, 19, 31, 7541
What are the prime factors of 2545162?
2, 31, 41051
List the prime factors of 11709648.
2, 3, 233, 349
List the prime factors of 994408.
2, 124301
What are the prime factors of 13905349?
13905349
What are the prime factors of 54050?
2, 5, 23, 47
List the prime factors of 11968466.
2, 5984233
What are the prime factors of 998524?
2, 107, 2333
List the prime factors of 2227759.
89, 25031
List the prime factors of 2282586.
2, 3, 557, 683
List the prime factors of 208117.
7, 13, 2287
What are the prime factors of 14667501?
3, 241, 20287
List the prime factors of 59318.
2, 7, 19, 223
What are the prime factors of 7667794?
2, 3833897
List the prime factors of 425648.
2, 37, 719
List the prime factors of 9652761.
3, 97, 11057
What are the prime factors of 18844626?
2, 3, 107, 149, 197
List the prime factors of 3178988.
2, 31, 827
List the prime factors of 4022036.
2, 151, 6659
List the prime factors of 954188.
2, 238547
List the prime factors of 92869.
7, 13267
What are the prime factors of 1824490?
2, 5, 43, 4243
What are the prime factors of 1977477?
3, 659159
What are the prime factors of 218345?
5, 43669
What are the prime factors of 4049297?
7, 607, 953
List the prime factors of 722093.
722093
What are the prime factors of 1499964?
2, 3, 239, 523
List the prime factors of 729875.
5, 5839
What are the prime factors of 1236226?
2, 61, 10133
What are the prime factors of 182267?
19, 53, 181
List the prime factors of 11264763.
3, 3754921
What are the prime factors of 24851?
24851
What a